divisor of 11 and 466444.
11
Calculate the greatest common factor of 815429 and 109.
109
Calculate the highest common divisor of 221 and 3003.
13
What is the greatest common factor of 6098486 and 278?
278
What is the greatest common divisor of 102 and 4439210?
34
What is the greatest common divisor of 146 and 258493?
73
Calculate the greatest common divisor of 4892 and 76.
4
What is the greatest common divisor of 1307351 and 106?
53
Calculate the highest common factor of 644 and 2737.
161
Calculate the highest common divisor of 918295 and 56.
7
What is the highest common factor of 44993 and 39?
13
Calculate the greatest common factor of 20 and 6730.
10
What is the highest common divisor of 408 and 856800?
408
Calculate the highest common divisor of 21651 and 168.
21
Calculate the highest common divisor of 19320 and 1440.
120
Calculate the highest common factor of 2070 and 47475.
45
What is the greatest common divisor of 7904 and 736060?
988
Calculate the highest common divisor of 40 and 5080.
40
What is the greatest common divisor of 3228390 and 135?
135
What is the greatest common divisor of 14 and 340662?
14
Calculate the greatest common divisor of 185 and 39665.
5
Calculate the highest common factor of 84 and 1845963.
21
Calculate the highest common divisor of 250362 and 224.
14
Calculate the greatest common divisor of 84 and 2748.
12
Calculate the greatest common divisor of 600 and 3390.
30
Calculate the greatest common factor of 355 and 2063615.
355
What is the highest common factor of 186 and 33294?
186
What is the greatest common divisor of 2906 and 104?
2
Calculate the greatest common divisor of 14 and 263011.
7
Calculate the greatest common factor of 14 and 54124.
14
What is the highest common divisor of 3984 and 3082288?
1328
Calculate the highest common factor of 147818 and 176.
22
Calculate the highest common factor of 14945 and 3185.
245
Calculate the greatest common factor of 2 and 73886.
2
Calculate the highest common divisor of 1395306 and 396.
198
Calculate the greatest common divisor of 3440926 and 74.
74
Calculate the highest common factor of 549796 and 194.
194
Calculate the highest common factor of 12226126 and 1451.
1451
Calculate the greatest common divisor of 4 and 474064.
4
What is the greatest common divisor of 21692 and 748?
748
What is the greatest common factor of 184480 and 40?
40
What is the greatest common divisor of 258 and 280102?
86
What is the greatest common divisor of 40 and 4639160?
40
Calculate the highest common divisor of 648 and 11124.
108
Calculate the greatest common factor of 296073 and 603.
603
What is the highest common factor of 119637 and 1863?
81
What is the highest common divisor of 466100 and 295?
295
Calculate the highest common factor of 371061 and 729.
729
What is the greatest common divisor of 25040 and 2160?
80
What is the highest common divisor of 118270 and 5?
5
Calculate the greatest common divisor of 6272 and 461888.
448
Calculate the highest common factor of 650891 and 86.
43
What is the highest common divisor of 1810 and 46336?
362
Calculate the greatest common factor of 9158 and 190.
38
What is the greatest common divisor of 3445022 and 28?
14
Calculate the highest common factor of 7080901 and 362.
181
Calculate the greatest common factor of 875 and 1855375.
125
What is the greatest common divisor of 451 and 322421?
11
Calculate the highest common divisor of 48 and 49464.
24
What is the highest common divisor of 516 and 159315?
129
Calculate the greatest common factor of 18450 and 1450.
50
What is the greatest common factor of 182070 and 910?
70
What is the greatest common divisor of 108 and 711108?
36
Calculate the greatest common divisor of 236 and 17582.
118
What is the highest common factor of 3330 and 15120?
90
What is the greatest common factor of 1266 and 5758401?
633
What is the highest common factor of 34 and 4962?
2
Calculate the highest common divisor of 128 and 59472.
16
Calculate the greatest common divisor of 42642 and 8418.
138
What is the greatest common factor of 120302 and 416?
26
Calculate the greatest common divisor of 1080377 and 9985.
1997
Calculate the greatest common factor of 160 and 447000.
40
What is the greatest common factor of 999 and 21201?
111
What is the highest common factor of 1930 and 90?
10
What is the highest common factor of 101 and 1697911?
101
Calculate the greatest common factor of 1305723 and 1902.
951
Calculate the greatest common divisor of 10975 and 64094.
439
Calculate the highest common divisor of 20345 and 325.
65
Calculate the highest common factor of 147897 and 9.
9
Calculate the greatest common divisor of 453 and 36693.
453
What is the highest common factor of 537 and 67841?
179
Calculate the highest common divisor of 108984 and 2151.
717
What is the greatest common divisor of 51580 and 80?
20
What is the greatest common factor of 13246 and 35224?
74
Calculate the highest common factor of 30314 and 46.
46
Calculate the highest common factor of 3348 and 72.
36
Calculate the highest common factor of 224 and 354656.
32
What is the highest common factor of 367696 and 14?
14
Calculate the greatest common divisor of 22657 and 9869.
139
Calculate the greatest common factor of 75 and 1984275.
75
What is the highest common factor of 7063 and 189?
7
What is the highest common divisor of 143 and 2717?
143
Calculate the greatest common divisor of 165 and 196125.
15
What is the highest common factor of 8712 and 89496?
792
What is the highest common factor of 20331 and 648?
81
Calculate the highest common divisor of 20034 and 2887122.
2226
What is the highest common factor of 475 and 139745?
95
Calculate the greatest common divisor of 26265 and 372345.
1545
What is the highest common divisor of 69321 and 77?
7
Calculate the greatest common factor of 382 and 770494.
382
Calculate the highest common factor of 24 and 2188.
4
Calculate the greatest common divisor of 1273 and 2375.
19
Calculate the greatest common factor of 6066 and 207.
9
What is the highest common divisor of 1782 and 387354?
66
What is the greatest common factor of 153679 and 4739?
677
What is the greatest common factor of 7283155 and 55?
55
Calculate the highest common factor of 28 and 15477.
7
What is the greatest common divisor of 62464 and 1280?
256
Calculate the highest common factor of 3498 and 2438.
106
Calculate the highest common factor of 39 and 1190657.
13
Calculate the greatest common divisor of 4159749 and 6492.
1623
What is the highest common divisor of 339 and 349509?
339
Calculate the greatest common factor of 297 and 97065.
27
Calculate the greatest common divisor of 6360 and 120.
120
What is the highest common factor of 684350 and 8?
2
Calculate the highest common divisor of 902 and 374.
22
What is the highest common factor of 1333928 and 8?
8
Calculate the highest common divisor of 560 and 1997408.
112
Calculate the highest common factor of 1104 and 58857.
69
What is the highest common divisor of 3004 and 11?
1
What is the greatest common factor of 23 and 5793677?
23
What is the highest common divisor of 44 and 54406?
22
Calculate the greatest common factor of 5600 and 448.
224
What is the highest common divisor of 657 and 1954575?
657
What is the highest common divisor of 1556 and 2492?
4
Calculate the highest common divisor of 57 and 28507638.
57
What is the highest common factor of 1965 and 540?
15
What is the highest common divisor of 411310 and 10?
10
Calculate the highest common factor of 248 and 2872.
8
What is the highest common factor of 121620 and 210?
30
What is the highest common factor of 100 and 2208380?
20
Calculate the greatest common divisor of 4578 and 693.
21
What is the greatest common divisor of 305116 and 1428?
476
What is the highest common divisor of 1635 and 30520?
545
Calculate the greatest common divisor of 12397 and 343.
49
What is the highest common factor of 2788 and 13448?
164
What is the greatest common divisor of 1063 and 2?
1
What is the greatest common factor of 285 and 5475?
15
Calculate the greatest common factor of 4623 and 2139.
69
Calculate the greatest common factor of 238 and 3854886.
238
What is the greatest common factor of 24 and 12066?
6
Calculate the highest common divisor of 11632 and 368.
16
What is the gre